{"id":19,"date":"2025-05-07T10:33:20","date_gmt":"2025-05-07T10:33:20","guid":{"rendered":"http:\/\/www.ertyapimarket.com\/?page_id=19"},"modified":"2025-05-19T11:57:00","modified_gmt":"2025-05-19T11:57:00","slug":"iletisim","status":"publish","type":"page","link":"https:\/\/www.ertyapimarket.com\/index.php\/iletisim\/","title":{"rendered":"\u0130leti\u015fim"},"content":{"rendered":"<div id=\"pl-gb19-69e73e93f00b7\"  class=\"panel-layout\" ><div id=\"pg-gb19-69e73e93f00b7-0\"  class=\"panel-grid panel-no-style\" ><div id=\"pgc-gb19-69e73e93f00b7-0-0\"  class=\"panel-grid-cell\" ><div id=\"panel-gb19-69e73e93f00b7-0-0-0\" class=\"so-panel widget widget_text panel-first-child panel-last-child\" data-index=\"0\" >\t\t\t<div class=\"textwidget\"><h3 class=\"\" data-start=\"116\" data-end=\"163\">\ud83d\udccd <strong data-start=\"123\" data-end=\"163\">\u015eubelerimiz ve \u0130leti\u015fim Bilgilerimiz<\/strong><\/h3>\n<p>&nbsp;<\/p>\n<h4 class=\"\" data-start=\"165\" data-end=\"191\">\ud83c\udfe2 <strong data-start=\"173\" data-end=\"191\">Ayaza\u011fa \u015eubesi<\/strong><\/h4>\n<ul data-start=\"192\" data-end=\"364\">\n<li class=\"\" data-start=\"192\" data-end=\"263\">\n<p class=\"\" data-start=\"194\" data-end=\"263\">\ud83d\udccd Adres: Ayaza\u011fa, Kemerburgaz Cd. No: 63, 34680 Sar\u0131yer \/ \u0130stanbul<\/p>\n<\/li>\n<li class=\"\" data-start=\"264\" data-end=\"294\">\n<p class=\"\" data-start=\"266\" data-end=\"294\">\ud83d\udcde Telefon: 0212 289 10 00<\/p>\n<\/li>\n<li class=\"\" data-start=\"295\" data-end=\"364\">\n<p class=\"\" data-start=\"297\" data-end=\"364\">\ud83d\udce7 E-posta: <a class=\"cursor-pointer\" rel=\"noopener\" data-start=\"309\" data-end=\"364\">info@ertyapimarket.com<\/a><\/p>\n<\/li>\n<\/ul>\n<hr class=\"\" data-start=\"366\" data-end=\"369\" \/>\n<h4 class=\"\" data-start=\"371\" data-end=\"400\">\ud83c\udfe2 <strong data-start=\"379\" data-end=\"400\">Sancaktepe \u015eubesi<\/strong><\/h4>\n<ul data-start=\"401\" data-end=\"571\">\n<li class=\"\" data-start=\"401\" data-end=\"470\">\n<p class=\"\" data-start=\"403\" data-end=\"470\">\ud83d\udccd Adres: Merve, Atat\u00fcrk Cd. No: 310, 34785 Sancaktepe \/ \u0130stanbul<\/p>\n<\/li>\n<li class=\"\" data-start=\"471\" data-end=\"501\">\n<p class=\"\" data-start=\"473\" data-end=\"501\">\ud83d\udcde Telefon: 0216 311 55 88<\/p>\n<\/li>\n<li class=\"\" data-start=\"502\" data-end=\"571\">\n<p class=\"\" data-start=\"504\" data-end=\"571\">\ud83d\udce7 E-posta: <a class=\"cursor-pointer\" rel=\"noopener\" data-start=\"516\" data-end=\"571\">info@ertyapimarket.com<\/a><\/p>\n<\/li>\n<\/ul>\n<hr class=\"\" data-start=\"573\" data-end=\"576\" \/>\n<h4 class=\"\" data-start=\"578\" data-end=\"602\">\ud83c\udfe2 <strong data-start=\"586\" data-end=\"602\">\u00c7orlu \u015eubesi<\/strong><\/h4>\n<ul data-start=\"603\" data-end=\"773\">\n<li class=\"\" data-start=\"603\" data-end=\"672\">\n<p class=\"\" data-start=\"605\" data-end=\"672\">\ud83d\udccd Adres: Sa\u011fl\u0131k, 1. Aral\u0131k Sk. No: 38\/B, 59950 Ergene \/ Tekirda\u011f<\/p>\n<\/li>\n<li class=\"\" data-start=\"673\" data-end=\"703\">\n<p class=\"\" data-start=\"675\" data-end=\"703\">\ud83d\udcde Telefon: 0282 686 77 60<\/p>\n<\/li>\n<li class=\"\" data-start=\"704\" data-end=\"773\">\n<p class=\"\" data-start=\"706\" data-end=\"773\">\ud83d\udce7 E-posta: <a class=\"cursor-pointer\" rel=\"noopener\" data-start=\"718\" data-end=\"773\">info@ertyapimarket.com<\/a><\/p>\n<\/li>\n<\/ul>\n<\/div>\n\t\t<\/div><\/div><\/div><\/div>","protected":false},"excerpt":{"rendered":"<p>\ud83d\udccd \u015eubelerimiz ve \u0130leti\u015fim Bilgilerimiz &nbsp; \ud83c\udfe2 Ayaza\u011fa \u015eubesi \ud83d\udccd Adres: Ayaza\u011fa, Kemerburgaz Cd. No: 63, 34680 Sar\u0131yer \/ \u0130stanbul [&hellip;]<\/p>\n","protected":false},"author":1,"featured_media":0,"parent":0,"menu_order":0,"comment_status":"closed","ping_status":"closed","template":"","meta":{"footnotes":""},"class_list":["post-19","page","type-page","status-publish","hentry"],"_links":{"self":[{"href":"https:\/\/www.ertyapimarket.com\/index.php\/wp-json\/wp\/v2\/pages\/19","targetHints":{"allow":["GET"]}}],"collection":[{"href":"https:\/\/www.ertyapimarket.com\/index.php\/wp-json\/wp\/v2\/pages"}],"about":[{"href":"https:\/\/www.ertyapimarket.com\/index.php\/wp-json\/wp\/v2\/types\/page"}],"author":[{"embeddable":true,"href":"https:\/\/www.ertyapimarket.com\/index.php\/wp-json\/wp\/v2\/users\/1"}],"replies":[{"embeddable":true,"href":"https:\/\/www.ertyapimarket.com\/index.php\/wp-json\/wp\/v2\/comments?post=19"}],"version-history":[{"count":4,"href":"https:\/\/www.ertyapimarket.com\/index.php\/wp-json\/wp\/v2\/pages\/19\/revisions"}],"predecessor-version":[{"id":1001,"href":"https:\/\/www.ertyapimarket.com\/index.php\/wp-json\/wp\/v2\/pages\/19\/revisions\/1001"}],"wp:attachment":[{"href":"https:\/\/www.ertyapimarket.com\/index.php\/wp-json\/wp\/v2\/media?parent=19"}],"curies":[{"name":"wp","href":"https:\/\/api.w.org\/{rel}","templated":true}]}}